{"id":2379,"date":"2015-10-23T15:59:55","date_gmt":"2015-10-23T15:59:55","guid":{"rendered":"http:\/\/zoutula.com\/themes\/kiddie\/?page_id=2379"},"modified":"2024-08-19T16:26:00","modified_gmt":"2024-08-19T14:26:00","slug":"meal-menu","status":"publish","type":"page","link":"https:\/\/www.prokind-bensheim.de\/?page_id=2379","title":{"rendered":"Ern\u00e4hrung &#038; Mahlzeiten"},"content":{"rendered":"\n<p>Die richtige Ern\u00e4hrung spielt bei Kindern eine wichtige Rolle f\u00fcr ihre k\u00f6rperliche und geistige Entwicklung. Es ist entscheidend, dass sie alle wichtigen N\u00e4hrstoffe erhalten, die sie zum Wachstum brauchen. Deshalb legen wir einen besonderen Wert auf eine ausgewogene Ern\u00e4hrung. Dabei ist frisches Obst und Gem\u00fcse ein wesentlicher Bestandteil der Mahlzeiten.<\/p>\n\n\n\n<p>Alle Mahlzeiten werden gemeinsam eingenommen. Dies f\u00f6rdert nicht nur die soziale Gemeinschaft, sondern die Kinder k\u00f6nnen und sollen ihre Mahlzeiten in Ruhe zu sich nehmen.<\/p>\n\n\n\n<h2 class=\"wp-block-heading\">Unsere Mahlzeiten:<\/h2>\n\n\n\n<h3 class=\"wp-block-heading\"><strong>Fr\u00fchst\u00fcck&nbsp;um 8:30 Uhr<\/strong><\/h3>\n\n\n\n<p>Das Fr\u00fchst\u00fcck wird von der K\u00fcchenfachkraft geplant und vorbereitet. Der Fr\u00fchst\u00fccksplan h\u00e4ngt f\u00fcr alle sichtbar an der K\u00fcchent\u00fcr.<\/p>\n\n\n\n<figure class=\"wp-block-gallery has-nested-images columns-default is-cropped wp-block-gallery-1 is-layout-flex wp-block-gallery-is-layout-flex\"><\/figure>\n\n\n\n<h3 class=\"wp-block-heading\"><strong>Mittagessen von 11:15 Uhr bis 12:00 Uhr<\/strong><\/h3>\n\n\n\n<p>Wir m\u00f6chten unseren Kindern ein gesundes, frisches, vitaminhaltiges, abwechslungsreiches und ausgewogenes Essen erm\u00f6glichen. Darum wird das Mittagessen von den Eltern gekocht.<\/p>\n\n\n\n<p>Das Essen wird am Morgen des jeweiligen Tages weitestgehend fertig gebracht.<\/p>\n\n\n\n<p>Nur die allerletzten Zubereitungsschritte werden in der Krippe vorgenommen. Der Essensplan wird vom Team in Zusammenarbeit mit den Eltern zusammengestellt.<\/p>\n\n\n\n<p>Der Essensplan sieht einen zweiw\u00f6chigen Rhythmus vor. Jede Familie hat zwei Gerichte, die sie im Wechsel kochen. Es gibt ein Winter- und Sommer- Men\u00fcplan. Die Kohlenhydrate (Nudeln, Reis, Kartoffeln ect.) sowie alle anderen Essensbestandteile sind ausgewogen verteilt. Es gibt 2-3 mal pro Woche Fleisch und mindestens einmal pro Woche Fisch.<\/p>\n\n\n\n<figure class=\"wp-block-gallery has-nested-images columns-default is-cropped wp-block-gallery-2 is-layout-flex wp-block-gallery-is-layout-flex\">\n<figure class=\"wp-block-image\"><img loading=\"lazy\" decoding=\"async\" width=\"1024\" height=\"768\" data-id=\"3849\" src=\"https:\/\/www.prokind-bensheim.de\/wp-content\/uploads\/2019\/03\/CIMG8761-1024x768.jpg\" alt=\"\" class=\"wp-image-3849\" srcset=\"https:\/\/www.prokind-bensheim.de\/wp-content\/uploads\/2019\/03\/CIMG8761-1024x768.jpg 1024w, https:\/\/www.prokind-bensheim.de\/wp-content\/uploads\/2019\/03\/CIMG8761-300x225.jpg 300w, https:\/\/www.prokind-bensheim.de\/wp-content\/uploads\/2019\/03\/CIMG8761-768x576.jpg 768w, https:\/\/www.prokind-bensheim.de\/wp-content\/uploads\/2019\/03\/CIMG8761-600x450.jpg 600w, https:\/\/www.prokind-bensheim.de\/wp-content\/uploads\/2019\/03\/CIMG8761.jpg 1600w\" sizes=\"(max-width: 1024px) 100vw, 1024px\" \/><\/figure>\n\n\n\n<figure class=\"wp-block-image\"><img loading=\"lazy\" decoding=\"async\" width=\"1024\" height=\"768\" data-id=\"4176\" src=\"https:\/\/www.prokind-bensheim.de\/wp-content\/uploads\/2019\/04\/Gnocchis-1024x768.jpg\" alt=\"\" class=\"wp-image-4176\" srcset=\"https:\/\/www.prokind-bensheim.de\/wp-content\/uploads\/2019\/04\/Gnocchis-1024x768.jpg 1024w, https:\/\/www.prokind-bensheim.de\/wp-content\/uploads\/2019\/04\/Gnocchis-300x225.jpg 300w, https:\/\/www.prokind-bensheim.de\/wp-content\/uploads\/2019\/04\/Gnocchis-768x576.jpg 768w, https:\/\/www.prokind-bensheim.de\/wp-content\/uploads\/2019\/04\/Gnocchis-600x450.jpg 600w, https:\/\/www.prokind-bensheim.de\/wp-content\/uploads\/2019\/04\/Gnocchis-500x375.jpg 500w\" sizes=\"(max-width: 1024px) 100vw, 1024px\" \/><\/figure>\n<\/figure>\n\n\n\n<h3 class=\"wp-block-heading\"><strong>Snack&nbsp;ab 14:30 Uhr<\/strong><\/h3>\n\n\n\n<figure class=\"wp-block-gallery has-nested-images columns-default is-cropped wp-block-gallery-3 is-layout-flex wp-block-gallery-is-layout-flex\">\n<figure class=\"wp-block-image size-large\"><img loading=\"lazy\" decoding=\"async\" width=\"1024\" height=\"813\" data-id=\"3861\" src=\"https:\/\/www.prokind-bensheim.de\/wp-content\/uploads\/2019\/03\/IMG_3336-1024x813.jpg\" alt=\"\" class=\"wp-image-3861\" srcset=\"https:\/\/www.prokind-bensheim.de\/wp-content\/uploads\/2019\/03\/IMG_3336-1024x813.jpg 1024w, https:\/\/www.prokind-bensheim.de\/wp-content\/uploads\/2019\/03\/IMG_3336-300x238.jpg 300w, https:\/\/www.prokind-bensheim.de\/wp-content\/uploads\/2019\/03\/IMG_3336-768x610.jpg 768w\" sizes=\"(max-width: 1024px) 100vw, 1024px\" \/><\/figure>\n<\/figure>\n","protected":false},"excerpt":{"rendered":"<p>Die richtige Ern\u00e4hrung spielt bei Kindern eine wichtige Rolle f\u00fcr ihre k\u00f6rperliche und geistige Entwicklung. Es ist entscheidend, dass sie alle wichtigen N\u00e4hrstoffe erhalten, die sie zum Wachstum brauchen. Deshalb legen wir einen besonderen Wert auf eine ausgewogene Ern\u00e4hrung. Dabei ist frisches Obst und Gem\u00fcse ein wesentlicher Bestandteil der Mahlzeiten. Alle Mahlzeiten werden gemeinsam eingenommen. [&hellip;]<\/p>\n","protected":false},"author":2,"featured_media":0,"parent":0,"menu_order":0,"comment_status":"closed","ping_status":"closed","template":"","meta":{"footnotes":""},"class_list":["post-2379","page","type-page","status-publish","hentry"],"_links":{"self":[{"href":"https:\/\/www.prokind-bensheim.de\/index.php?rest_route=\/wp\/v2\/pages\/2379"}],"collection":[{"href":"https:\/\/www.prokind-bensheim.de\/index.php?rest_route=\/wp\/v2\/pages"}],"about":[{"href":"https:\/\/www.prokind-bensheim.de\/index.php?rest_route=\/wp\/v2\/types\/page"}],"author":[{"embeddable":true,"href":"https:\/\/www.prokind-bensheim.de\/index.php?rest_route=\/wp\/v2\/users\/2"}],"replies":[{"embeddable":true,"href":"https:\/\/www.prokind-bensheim.de\/index.php?rest_route=%2Fwp%2Fv2%2Fcomments&post=2379"}],"version-history":[{"count":17,"href":"https:\/\/www.prokind-bensheim.de\/index.php?rest_route=\/wp\/v2\/pages\/2379\/revisions"}],"predecessor-version":[{"id":4646,"href":"https:\/\/www.prokind-bensheim.de\/index.php?rest_route=\/wp\/v2\/pages\/2379\/revisions\/4646"}],"wp:attachment":[{"href":"https:\/\/www.prokind-bensheim.de\/index.php?rest_route=%2Fwp%2Fv2%2Fmedia&parent=2379"}],"curies":[{"name":"wp","href":"https:\/\/api.w.org\/{rel}","templated":true}]}}